{"id":33429,"date":"2025-01-09T11:07:37","date_gmt":"2025-01-09T11:07:37","guid":{"rendered":"https:\/\/v2.ex-perience.ch\/?page_id=33429"},"modified":"2025-01-09T11:07:37","modified_gmt":"2025-01-09T11:07:37","slug":"contact","status":"publish","type":"page","link":"https:\/\/v2.ex-perience.ch\/index.php\/contact\/","title":{"rendered":"Contact"},"content":{"rendered":"\n<p>C\u2019est une page avec des informations de contact de base, comme l\u2019adresse et le num\u00e9ro de t\u00e9l\u00e9phone. Vous pouvez aussi essayer une extension pour ajouter un formulaire de contact.<\/p>\n","protected":false},"excerpt":{"rendered":"<p>C\u2019est une page avec des informations de contact de base, comme l\u2019adresse et le num\u00e9ro de t\u00e9l\u00e9phone. Vous pouvez aussi essayer une extension pour ajouter un formulaire de contact.<\/p>\n","protected":false},"author":1,"featured_media":0,"parent":0,"menu_order":0,"comment_status":"closed","ping_status":"closed","template":"","meta":{"_et_pb_use_builder":"","_et_pb_old_content":"","_et_gb_content_width":"","footnotes":""},"class_list":["post-33429","page","type-page","status-publish","hentry","entry"],"_links":{"self":[{"href":"https:\/\/v2.ex-perience.ch\/index.php\/wp-json\/wp\/v2\/pages\/33429","targetHints":{"allow":["GET"]}}],"collection":[{"href":"https:\/\/v2.ex-perience.ch\/index.php\/wp-json\/wp\/v2\/pages"}],"about":[{"href":"https:\/\/v2.ex-perience.ch\/index.php\/wp-json\/wp\/v2\/types\/page"}],"author":[{"embeddable":true,"href":"https:\/\/v2.ex-perience.ch\/index.php\/wp-json\/wp\/v2\/users\/1"}],"replies":[{"embeddable":true,"href":"https:\/\/v2.ex-perience.ch\/index.php\/wp-json\/wp\/v2\/comments?post=33429"}],"version-history":[{"count":1,"href":"https:\/\/v2.ex-perience.ch\/index.php\/wp-json\/wp\/v2\/pages\/33429\/revisions"}],"predecessor-version":[{"id":33434,"href":"https:\/\/v2.ex-perience.ch\/index.php\/wp-json\/wp\/v2\/pages\/33429\/revisions\/33434"}],"wp:attachment":[{"href":"https:\/\/v2.ex-perience.ch\/index.php\/wp-json\/wp\/v2\/media?parent=33429"}],"curies":[{"name":"wp","href":"https:\/\/api.w.org\/{rel}","templated":true}]}}